 = -14*o + 4. Determine l(1).
-10
Let a(p) = 16*p + 7. Determine a(4).
71
Let a(v) = -v**3 + 2*v + 3. Calculate a(-1).
2
Let g(f) = f**2 + 8*f + 6. Determine g(-5).
-9
Let y(j) = j + 21. What is y(-27)?
-6
Let s(h) = -h - 47. Determine s(14).
-61
Let w(j) = 16*j + 128. Determine w(-9).
-16
Let i(n) = n**3 + 9*n**2 + 6*n - 1. Give i(-6).
71
Let b(v) = -v**3 - 8*v**2 - 9*v + 15. Determine b(-6).
-3
Let d(g) = -g**3 - 9*g**2 - 5*g - 35. What is d(-9)?
10
Let p(f) = -6*f - 145. Calculate p(-26).
11
Let a(c) = c - 15. Give a(9).
-6
Let h(u) = -u**2 + 19*u + 106. Calculate h(23).
14
Let d(n) = n**3 + 12*n**2 - 28*n + 39. Determine d(-14).
39
Let d(v) = v**2 - 5*v - 56. Determine d(10).
-6
Let k(d) = d**3 + 3*d**2 - 2*d - 5. Calculate k(-2).
3
Let u(j) = 3*j - 3. Calculate u(-5).
-18
Let s(o) = -o - 15. Calculate s(0).
-15
Let a(v) = -4*v - 41. Give a(-15).
19
Let m(i) = -i**2 + 10*i + 7. Calculate m(10).
7
Let o(w) = -7*w - 14. What is o(-2)?
0
Let f(o) = -o**3 + 27*o**2 + o - 14. Determine f(27).
13
Let o(b) = -b**2 - b + 17. Calculate o(-4).
5
Let p(u) = -4*u - 2. What is p(-1)?
2
Let r(b) = -b**3 - 5*b**2 + 7*b - 4. What is r(-6)?
-10
Let h(r) = -r**3 + 11*r**2 + 2*r - 23. Calculate h(11).
-1
Let n(r) = r**3 - 30*r**2 - 28*r - 83. Calculate n(31).
10
Let v(f) = -f**2 - 9*f + 3. Calculate v(-9).
3
Let k(m) = m**2 + 16*m + 18. Calculate k(-14).
-10
Let c(n) = -11*n - 6. Determine c(0).
-6
Let p(m) = -76*m + 676. Calculate p(9).
-8
Let l(i) = 12*i + 19. Give l(-2).
-5
Let d(q) = 3*q + 22. Give d(-7).
1
Let x(l) = -6*l - 4. Give x(-1).
2
Let b(k) = -4*k**2 - 2*k. Determine b(2).
-20
Let m(w) = -w + 3. What is m(-2)?
5
Let f(o) = -29*o**2 + 1. Determine f(-1).
-28
Let k(o) = -o**3 + 11*o**2 - 29*o + 1. What is k(6)?
7
Let g(u) = u**2 + 9*u - 1. What is g(-11)?
21
Let q(u) = 85*u - 424. Give q(5).
1
Let g(f) = -14*f - 71. Determine g(-6).
13
Let i(s) = s**3 + 9*s**2 - 3*s + 5. Calculate i(-9).
32
Let b(p) = -94*p - 461. Give b(-5).
9
Let c(b) = -2*b**3 - 6*b**2 - 4*b + 3. Calculate c(-4).
51
Let y(v) = -v - 8. Calculate y(-11).
3
Let r(z) = -z**3 + 7*z**2 + 8*z + 3. Determine r(8).
3
Let r(s) = s**3 - 7*s**2 - 11*s + 8. Calculate r(8).
-16
Let z(j) = -2*j - 20. Give z(-11).
2
Let k(z) = z**3 - z**2 - 13*z + 3. Determine k(5).
38
Let v(z) = 3*z**3 - 4*z**2 + z - 2. What is v(2)?
8
Let u(q) = -2*q**2 + 2*q + 2. Give u(3).
-10
Let i(z) = z**3 - 2*z**2 - 6*z + 5. Give i(5).
50
Let w(j) = 25*j**2 - 3*j + 3. Give w(1).
25
Let x(b) = b**3 + 8*b**2 + 3*b - 6. Calculate x(-8).
-30
Let c(k) = 3*k**2 - 16*k - 133. Calculate c(10).
7
Let g(r) = r**2 - 8*r - 14. Give g(11).
19
Let n(r) = -r**2 - 18*r - 22. What is n(-15)?
23
Let s(z) = -35*z + 1. Determine s(-1).
36
Let w(d) = 7*d**2 + 16*d - 7. Give w(-3).
8
Let o(k) = k**3 - 6*k**2 + 6*k - 4. What is o(5)?
1
Let t(o) = -o**3 - 17*o**2 + 19*o - 1. What is t(-18)?
-19
Let p(q) = -q**3 + 7*q**2 + 2*q + 1. What is p(6)?
49
Let p(a) = -a**2 + 4*a + 5. Determine p(6).
-7
Let d(b) = b**3 + b + 4. Calculate d(-2).
-6
Let h(a) = -a**3 + 8*a**2 + 6*a - 10. Calculate h(9).
-37
Let p(f) = f**2 - 20*f - 126. Give p(25).
-1
Let w(p) = 3*p**2 + 10*p - 48. Give w(-9).
105
Let d(v) = 19*v + 2. Give d(1).
21
Let v(q) = q**3 + 3*q**2 - 5*q. Calculate v(2).
10
Let w(g) = -g**3 - 5*g**2 - g - 2. Calculate w(-4).
-14
Let a(y) = y**2 - 9*y + 24. Give a(5).
4
Let i(d) = 28*d - 22. Determine i(4).
90
Let f(u) = -9*u - 22. What is f(3)?
-49
Let l(n) = n**3 - 17*n**2 - n + 1. Give l(17).
-16
Let l(x) = 3*x - 12. Determine l(5).
3
Let g(i) = -9*i - 48. Calculate g(-6).
6
Let i(j) = -3*j + 14. Give i(8).
-10
Let k(x) = 4*x**2 - 2*x - 2. What is k(-3)?
40
Let b(w) = w**3 - 9*w**2 + 7*w - 16. What is b(9)?
47
Let b(u) = 2*u**3 - 4*u**2 - u + 4. Give b(3).
19
Let t(u) = 26*u - 293. Calculate t(11).
-7
Let s(u) = 9*u**2 + 1. Give s(-2).
37
Let z(s) = 4*s**2 - 15. Give z(0).
-15
Let y(r) = 4*r**3 - 4*r**2 - 4*r - 2. What is y(-2)?
-42
Let d(q) = q**3 - 5*q**2 - 3*q - 12. Calculate d(6).
6
Let d(l) = -13*l**2 + l. Give d(-1).
-14
Let z(c) = c**3 + 13*c**2 + 4*c + 14. What is z(-13)?
-38
Let u(d) = -d**3 + 6*d - 7. Give u(3).
-16
Let h(r) = 2*r**2 + 22*r + 68. Calculate h(-5).
8
Let h(k) = -32*k + 199. Give h(6).
7
Let l(w) = w**3 - 9*w**2 + 5*w + 4. Determine l(8).
-20
Let i(d) = d**3 - 3*d**2 + 12*d - 104. Give i(5).
6
Let z(b) = 42*b + 1. Give z(-1).
-41
Let d(s) = 2*s - 6. Calculate d(-6).
-18
Let r(s) = -s**2 + 4*s - 22. What is r(0)?
-22
Let m(p) = -12*p + 56. Calculate m(4).
8
Let w(f) = -3*f - 18. Give w(-4).
-6
Let p(l) = -l**2 + 26*l - 57. What is p(24)?
-9
Let s(x) = 5*x**2 + 3. Determine s(0).
3
Let i(j) = 4*j - 11. Give i(14).
45
Let n(t) = 19*t**2 + 113*t - 7. Calculate n(-6).
-1
Let s(j) = -j**2 - 7*j + 3. Determine s(-9).
-15
Let n(u) = 8*u + 126. Calculate n(-19).
-26
Let n(y) = y**2 + 26*y + 6. Give n(-26).
6
Let z(r) = 10*r**3 - 2*r**2 - r. Determine z(-1).
-11
Let z(n) = n**2 + 19*n - 216. Calculate z(8).
0
Let y(j) = -j**3 - 5*j**2 - 7*j - 9. Give y(-4).
3
Let g(l) = 45*l + 1. Determine g(-2).
-89
Let p(a) = a**2 + 1. Calculate p(-3).
10
Let p(t) = t**3 - 25*t**2 - 116*t - 4. What is p(29)?
-4
Let r(v) = 5*v - 100. Give r(20).
0
Let n(k) = 4*k - 2. Determine n(5).
18
Let q(g) = g**3 + 11*g**2 + 25*g - 2. Determine q(-7).
19
Let z(k) = -k**3 + 9*k**2 - 14*k + 13. Determine z(5).
43
Let b(q) = 3*q**2 - q - 2. Give b(2).
8
Let i(p) = 5*p + 14. Calculate i(5).
39
Let l(c) = -5*c**2 - 15*c + 8. Give l(-4).
-12
Let t(b) = -b**3 - 3*b**2 - 12*b - 35. Determine t(-3).
1
Let v(u) = -2*u**3 + 12*u**2 + 16*u - 21. What is v(7)?
-7
Let u(q) = 2*q**2 - 63. Determine u(7).
35
Let u(i) = -3*i**2 + 7*i + 4. What is u(2)?
6
Let r(g) = -g**2 + 16*g - 12. What is r(14)?
16
Let w(k) = k**3 - k**2 - 2*k + 1. Give w(2).
1
Let v(g) = -4*g**3 - 79*g**2 + 21*g + 6. Calculate v(-20).
-14
Let u(m) = -m**2 - m + 1. Calculate u(-3).
-5
Let o(j) = -4*j + 107. Give o(31).
-17
Let r(i) = -i**2 - 19*i - 76. Give r(-14).
-6
Let w(k) = -k**3 - 7*k**2 - 3*k - 8. Determine w(-6).
-26
Let g(d) = d**2 + d - 10. Calculate g(-7).
32
Let w(n) = n + 4. Give w(-8).
-4
Let v(w) = 41*w**3 - w + 1. Determine v(1).
41
Let g(j) = -j**2 - 3*j + 26. Give g(-6).
8
Let d(b) = b**2 + 23. Give d(0).
23
Let p(n) = n**2 - n + 38. Give p(0).
38
Let p(o) = o**2 + 48*o - 264. What is p(-53)?
1
Let d(b) = b**3 - 10*b**2 + 8*b + 4. What is d(9)?
-5
Let i(r) = r**2 - 4*r + 5. Give i(0).
5
Let d(u) = u + 8. Calculate d(0).
8
Let s(i) = i**3 + 8*i**2 + i - 8. Calculate s(-8).
-16
Let y(w) = -w**2 - 15*w + 39. Determine y(-17).
5
Let h(t) = -13*t - 1. Determine h(1).
-14
Let g(y) = 14*y - 1. Give g(2).
27
Let x(i) = i**3 + 5*i**2 + 4*i + 4. What is x(-3)?
10
Let z(w) = -w**2 + 5*w - 5. Calculate z(6).
-11
Let y(i) = i**2 - 13*i - 14. Determine y(14).
0
Let f(j) = j**3 + 2*j**2 - j + 7. What is f(0)?
7
Let b(d) = -d**2 + 10*d + 21. Calculate b(-2).
-3
Let t(l) = -4*l + 2. What is t(-6)?
26
Let z(s) = 2*s**2 + 27*s - 19. Give z(-14).
-5
Let d(w) = 2*w**2 + 6*w + 9. Calculate d(-6).
45
Let p(d) = -d + 27. Calculate p(15).
12
Let f(j) = -2*j**3 - 5*j - 13. What is f(-2)?
13
Let r(v) = -29*v + 2. What is r(2)?
-56
Let n(h) = h**2 - 3*h + 31. Calculate n(13).
161
Let j(b) = b + 57. Calculate j(-17).
40
Let x(q) = -8*q - 4. Determine x(1).
-12
Let b(r) = 2*r**3 - 3*r**2 + 3*r - 3. Give b(2).
7
Let a(r) = r**2 + r + 1. What is a(-3)?
7
Let w(i) = -2*i**3 + 4*i**2 - i - 1. Give w(3).
-22
Let q(x) = 2*x + 13. Calculate q(-2).
9
Let n(k) = -3*k + 23. Determine n(10).
-7
Let k(n) = n**2 + 10*n - 41. Calculate k(-14).
15
Let o(w) = -w**3 + 33*w**2 + 32*w + 16. Calculate o(34).
-52
Let w(x) = 3*x**3 - 24*x**2 - x + 11. Give w(8).
3
Let h(u) = u**3 + 8*u**2 - 8*u + 12. What is h(-9)?
3
Let w(p) = -p + 11. What is w(36)?
-25
Let b(y) = 3*y + 8. Determine b(-6).
-10
Let o(u) = -u**3 - 11*u**2 - 11*u + 28. Determine o(-9).
-35
Let v(o) = 61*o - 6. Give v(2).
116
Let k(o) = -o**3 + 12*o**2 - 11*o + 3. Determine k(11).
3
Let v(b) = 8*b - 5. What is v(2)?
11
Let d(a) = 18*a + 4. What is d(-7)?
-122
Let n(p) = p**3 + 3*p**2 - p - 4. Give n(-2).
2
Let j(k) = -9*k + 4. Determine j(1).
-5
Let y(c) = -c**3 - 16*c**2 - 31*c + 19. Determine y(-14).
61
Let a(x) = -x**2 + 9*x - 16. What is a(6)?
2
Let h(b) = b**3 - b